is divided by r.
20
Let v = -937 + 984. Calculate the remainder when v is divided by 13.
8
What is the remainder when 227 is divided by 404/22 + 56/(-154)?
11
Let z(s) = -5*s - 11. Let f = 12 + -20. Let w be z(f). Suppose -8 = 3*k - w. Calculate the remainder when 27 is divided by k.
6
Let a = -7 - -19. Suppose -4*u + 15 = -1. Suppose 5*c - 59 = -5*j + 116, 0 = u*c. Calculate the remainder when j is divided by a.
11
Let n(f) = f**3 - 5*f**2 + 7*f - 4. Let p be n(4). Suppose 2*b = 3*q + 50, b + 4*q - 3 + 0 = 0. Let r = b - p. Calculate the remainder when 31 is divided by r.
9
Let a(g) = 8*g**2 + 9*g + 53. Calculate the remainder when a(-4) is divided by 43.
16
Suppose 0 = 3*r - 3*m - 54, -5*r + 108 + 32 = 5*m. Let i(l) = -21*l - 111. What is the remainder when r is divided by i(-6)?
8
Let d(o) = o**3 + 4*o**2 - 7*o - 12. Let s be (2/9 - 0) + 1292/(-306). Calculate the remainder when 239 is divided by d(s).
15
Let s(n) = 2*n**2 + 30*n + 34. Let f be s(-14). What is the remainder when 167 is divided by (57/f)/(1/(12/6))?
15
Suppose -5*g + 2*d - 14 = 28, -4*g = 2*d + 30. Let z be (g + -47)*(-4)/(-5). Let o = z - -97. Calculate the remainder when o is divided by 28.
25
Suppose 14 = 2*m - 52. Calculate the remainder when m is divided by 29.
4
Let m be (1 - -1)/(8/4). Suppose x - 2 = m. Suppose 5*s + 128 = 3*j + 24, -4*s = x*j - 68. What is the remainder when j is divided by 10?
8
Suppose 3*x - 15 = 4*l, l - 1 + 7 = 3*x. Calculate the remainder when x*87*(30/18 - 1) is divided by 15.
13
Let v(t) = t**2 + 3 - 2*t**2 - 40 + 25*t. Calculate the remainder when v(21) is divided by 24.
23
Let s(f) = -f**2 + 29*f + 131. What is the remainder when 104 is divided by s(32)?
34
Calculate the remainder when (-6)/(-4)*344/6 is divided by 15.
11
Let m(b) = -4*b**3 - 9*b**2 - 27*b + 6. Calculate the remainder when m(-4) is divided by 59.
49
Let h = -2489 + 2500. What is the remainder when 743 is divided by h?
6
Suppose -4*q + 11 = -x - 5, -5*x - 16 = -4*q. Let z(c) = 5*c + 10. Calculate the remainder when 118 is divided by z(x).
8
Let k(j) = 2*j**3 + 67*j**2 - 103*j + 82. Calculate the remainder when (-2)/(3*(-4)/138) is divided by k(-35).
11
Suppose n = 4*j + 3*n - 746, 5*j = -n + 931. Calculate the remainder when j is divided by 94.
92
Calculate the remainder when 309 is divided by (48/20)/((-10)/(-50)).
9
Let c = 641 - 436. What is the remainder when c is divided by 76?
53
Let z be (-2)/((-15)/6 + 3). Let s(p) = -p - 4. Let u be s(z). Suppose u = -a + 21 + 14. What is the remainder when a is divided by 19?
16
Let t = 1301 - 654. What is the remainder when t is divided by 6?
5
Calculate the remainder when (27/(-18))/(6/(-136)) is divided by 13.
8
Let d(k) = 5*k + 53. Calculate the remainder when d(-5) is divided by 4.
0
Let r be 1/(4/(-6))*(-16)/6. Suppose w + 15 = n, r*n - 36 = -w - w. What is the remainder when 83 is divided by n?
6
Let z(p) = p**2 + 5*p - 8. Let d = -12 - -3. What is the remainder when 83 is divided by z(d)?
27
Suppose -93 = -3*p + 15. Suppose -7*x + 27 = -1. Suppose b - 21 - 3 = -4*i, p = 2*b + x*i. Calculate the remainder when b is divided by 8.
4
Suppose 6*k + 102 = -414. Let p = k + 156. Suppose p = 4*s + s. Calculate the remainder when 40 is divided by s.
12
Let k = 10906 + -10865. Let y(x) = x**2 - x + 6. Calculate the remainder when k is divided by y(5).
15
Let c be 3/((0 - 3)/3). Calculate the remainder when (2 - 1)*(1 + -130)/c is divided by 4.
3
Suppose -2*z = -4*z + 40. Suppose -q = -4*c + 3, -3*q - 3 = -2*c - 2*q. Suppose c = -4*n + 15 + 29. Calculate the remainder when z is divided by n.
9
Suppose -4*w = -4*l - 188, -3*l - 57 = 2*w - 3*w. Calculate the remainder when w is divided by 9.
6
What is the remainder when 48 is divided by ((-880)/(-60))/((-2)/(-3))?
4
Suppose -4*n + 202 - 26 = 0. Suppose 5*r = 3*r + 18. What is the remainder when n is divided by r?
8
Suppose 0 = -3*m - d + 49, -4*m + 3*d + 87 = -0*m. Calculate the remainder when -2*(-3 + (-225)/10) is divided by m.
15
Let m(b) = b**3 - 12*b**2 + 9*b + 2. Let i(k) = -k**2 - 1. Let x(f) = 4*i(f) - m(f). Calculate the remainder when 30*(-4)/(16/(-6)) is divided by x(6).
9
Let y(d) = -d**2 - 21*d - 17. Let w be y(-20). What is the remainder when (-6 + w)*159/(-9) is divided by 14?
11
Suppose -4*w + 638 = 5*f, -4*w - 2*f + 161 = -3*w. Let t = w + -104. Suppose 0 = -3*g + 10 + 44. What is the remainder when t is divided by g?
17
Calculate the remainder when 128/6 + (-8)/(-12) is divided by 9.
4
Suppose 3*y - 3*m - 660 = 0, -5*y + 1110 = 11*m - 14*m. Calculate the remainder when y is divided by 30.
15
Let f(k) = 103*k**2 + 26*k + 23. Let s(z) = 34*z**2 + 9*z + 8. Let t(u) = 6*f(u) - 17*s(u). Calculate the remainder when 77 is divided by t(-1).
38
Suppose -d = -5*q + d - 20, 5*q - 3*d + 25 = 0. Let n(a) = 19*a**2 + 6*a + 7. Calculate the remainder when n(q) is divided by 12.
11
Let r = 5773 - 4111. Calculate the remainder when r is divided by 128.
126
Let f = 19 - 21. Let h = f - -12. Let k(q) = -q**2 + 12*q - 2. What is the remainder when k(h) is divided by 7?
4
Suppose 3*t - 1374 = -5*f, -546 = -2*f - 14*t + 11*t. What is the remainder when f is divided by 41?
30
What is the remainder when 287 is divided by (48/15)/(((-99)/(-55))/9)?
15
Let q be (-16)/(-3) - ((-8)/12 - -1). Suppose -153 = -q*z - 4*z. What is the remainder when 66 is divided by z?
15
Suppose 7*u = -0*u + 49. Calculate the remainder when (0 - (1 + -2))*19 is divided by u.
5
Suppose -2*b - 516 = -6*b. Suppose 5*v - 81 = 23*k - 26*k, 0 = 4*k - 5*v - 73. Calculate the remainder when b is divided by k.
19
Suppose -3*s - 2*s + 3*m = 448, 0 = -5*s - 4*m - 476. Let o be s/4 + (-20)/(-5). Calculate the remainder when 54 is divided by -2 + (3 + -1 - o).
16
Let k = 33 - 23. Let o = 11 - k. Let y = 11 - o. Calculate the remainder when y is divided by 6.
4
Let y = 31 + -73. Let d = y + 71. Calculate the remainder when 56 is divided by d.
27
Let v be (1 - -233)*8/12. Suppose i = -2*s + 5*s + v, 3*s = -12. Suppose -2*x + i - 10 = 0. What is the remainder when x is divided by 23?
21
Let v(z) = -2*z**2 + 26*z + 67. Calculate the remainder when v(14) is divided by 27.
12
Suppose -5474 = -48*b + 5134. Calculate the remainder when b is divided by 67.
20
Suppose 7*r = 207 + 52. What is the remainder when r is divided by 31?
6
Suppose -5*q + 35 = -3*h, 0 = -3*q + 5*h + 9 + 28. Calculate the remainder when 56 is divided by q.
0
Let u = 74 - 36. What is the remainder when u is divided by (5*1)/(250/200)?
2
Suppose 5*o - 16 = -20*x + 19*x, 3*x - 3*o = 102. Calculate the remainder when x is divided by 15.
1
Let o(y) = -y**3 - 6*y**2 - 5*y - 6. Let c = 5 - 11. Calculate the remainder when 71 is divided by o(c).
23
Let h(r) = 6*r**3 + 3*r**2 - 8*r - 1. Let g be h(-7). What is the remainder when 186 is divided by (-2)/3 - g/48?
34
Let a(s) = 5*s**3 + s**2 + 5*s - 13. What is the remainder when 162 is divided by a(2)?
39
Let d = 3 - -5. Let x be d/24 - 382/(-6). Let w = -37 + x. What is the remainder when 78 is divided by w?
24
Calculate the remainder when (-3020)/(-42) - (-6)/63 is divided by 2.
0
Suppose 4*h + 302 = 5*x + 10, 0 = -3*x + 4*h + 180. Calculate the remainder when 275 is divided by x.
51
Let u = -1128 + 1138. What is the remainder when 1439 is divided by u?
9
Suppose 578 = 5*p + 4*i, 2*i = 2*p - 93 - 131. Calculate the remainder when p is divided by 29.
27
Suppose -2*k + 492 = 4*k. Let h = 122 - k. What is the remainder when h is divided by 14?
12
Suppose 5*p - 5*h - 14 - 11 = 0, -5*p + 37 = -h. Suppose -d = 3 - p. Suppose -d*g + 8*l - 3*l + 75 = 0, -3 = l. What is the remainder when 19 is divided by g?
7
Suppose 2*x = x + 4*m + 24, 0 = -3*x + 3*m + 108. Let c = 107 - x. What is the remainder when c is divided by 34?
33
Let g(h) = h**2 + 3*h + 1. Let w be g(-11). Suppose b = -0*b + w. Calculate the remainder when b*(-1 - -3)/2 is divided by 23.
20
Suppose -3*s + r = -1, -r + 4 = r. Let k be (-1050)/(-125)*((-1 - -1) + 5). Suppose s = q - k. Calculate the remainder when q is divided by 11.
10
Suppose -y = 4*y - 15. Let w = 38 - 43. Let p(h) = -h**2 - 4*h + 9. What is the remainder when p(w) is divided by y?
1
Let t = 87 - 78. Suppose -3*l = 5*g - t, l + 3*g = 2*g + 5. Calculate the remainder when 37 is divided by l.
5
Let u